 b and i.
14
Suppose -116*z = -122*z + 3420. Calculate the greatest common divisor of z and 228.
114
Let m(k) = k**2 + 28*k + 199. Let n be m(-19). Let l = 244 - 20. Calculate the highest common divisor of l and n.
28
Suppose -9*y = -13*y - 20, 0 = -2*j + y + 389. What is the greatest common factor of j and 60?
12
Let s be (1 - -39)*(-38)/(-95). Let k = 148 - 68. Calculate the highest common factor of s and k.
16
Let q be (-184)/(-18) + 17/(1071/(-14)). What is the highest common factor of 25 and q?
5
Let n(t) = -2*t + 12. Let x be n(5). Suppose 0 = -x*v + 22 + 104. Calculate the highest common factor of v and 21.
21
Let k be 1/(-3)*(9 - -18)*-9. Let o be 2/7 - 44/7. Let g(d) = d**3 + 7*d**2 + 3*d + 9. Let l be g(o). What is the greatest common factor of k and l?
27
Suppose -3*w - 191 + 862 = 5*k, -3*k - 5*w + 409 = 0. Calculate the highest common factor of 7 and k.
7
Let v = 14 - -2. Suppose -21 = -3*r + 3. Suppose -g + r = 3*g. Calculate the greatest common factor of v and g.
2
Suppose -4*x - x = -270. Let o be (-1)/3 - (-7326)/(-54). Let w = o + 217. What is the highest common factor of w and x?
27
Suppose v - 26 = -1. Suppose -6*u = -7*u + 10. Suppose 2*a + 0*a = u. What is the greatest common factor of v and a?
5
Suppose -1614 = 20*j - 4914. What is the greatest common factor of j and 30?
15
Let h = 9 + 1. Let s = -5 + h. Calculate the highest common factor of 40 and s.
5
Let v be 1*((-6)/(-2) + 18). Let h(z) = z**3 + 26*z**2 + 49*z + 45. Let o be h(-24). Calculate the greatest common factor of v and o.
21
Let o = -1 - 28. Let d = o + 39. Calculate the greatest common factor of d and 110.
10
Suppose -k + 4*y = -23 - 6, 0 = -2*k + y + 58. Let t = k + -25. Calculate the highest common factor of t and 44.
4
Let b = 14 - 17. Let n = 5 - b. Suppose -3*o - n = -152. Calculate the greatest common divisor of 16 and o.
16
Let m = -2 + 9. Let t = -416 - -417. Calculate the highest common factor of m and t.
1
Suppose 0 = -11*m + 40 + 4. Calculate the highest common factor of 324 and m.
4
Suppose 228 = 15*p + 48. What is the highest common divisor of p and 36?
12
Let j = 1 - -3. Suppose l - 3*h + 8 = 0, -2*l - j*h + 84 = -7*l. Let u = 0 - l. Calculate the greatest common divisor of u and 160.
20
Suppose 3*h - 13 = 2*j, -3*h + 8 = 2*j - 9. Let p be (-3 - 2)*(-2)/h. Calculate the greatest common divisor of p and 3.
1
Suppose 0 = -u + 5 + 1. Let l = -124 + 128. Calculate the highest common divisor of l and u.
2
Let v = 36 + 214. Let c be v/7 - (-18)/63. Let n(r) = r + 54. Let l be n(0). Calculate the highest common factor of c and l.
18
Suppose 6*a - 16 = 2. Suppose 5*h + a = y + 70, 5*h = -y + 73. What is the greatest common divisor of 7 and h?
7
Let d be 18 + -9 + (1 - -2). Suppose -y + 104 = 3*y. Let t = -14 + y. What is the greatest common factor of t and d?
12
Let t(h) = -2*h - 4 - 2*h**2 - 9*h**3 + 8 - 5. Let x = 2 + -3. Let p be t(x). What is the greatest common factor of 8 and p?
8
Suppose 3*r - 5*a = 23 + 12, 5*a = 25. Calculate the greatest common divisor of r and 80.
20
Suppose 1221 = 2*b + 5273. Let n be b/(-10) - 2/(-5). Suppose -39 = -f - w, 3*w + 0*w + n = 5*f. Calculate the greatest common factor of f and 10.
10
Suppose 9*k - 11*k = -22. Let y(s) = 80*s**3. Let o be y(1). Let u be (-9)/3 + 0 + o. What is the greatest common factor of u and k?
11
Let s(z) = 2*z - 3. Suppose v - 6 = -0*v. Let k be s(v). Suppose -5*b + k + 66 = 0. What is the greatest common factor of 165 and b?
15
Let k be (-1 + 0)*(10 - 59). What is the highest common factor of k and 70?
7
Let t = -341 + 414. Calculate the highest common divisor of t and 1.
1
Suppose 4*v + 1 = 5*y + 94, v - 5*y - 12 = 0. Suppose -2*i + 5 = -b, -4*i = -7*i - 5*b + v. Calculate the highest common divisor of 28 and i.
4
Let j = -3 + -3. Let v(d) = d**3 + 6*d**2 - 4. Let c be v(j). Let z be (-9)/c*(-56)/(-3). Calculate the highest common divisor of z and 14.
14
Let k(i) = i**2 - 15*i - 26. Let j(r) = r**2 - 9*r + 26. Let q be j(8). Let y be k(q). Suppose 73 - 17 = z. Calculate the highest common divisor of y and z.
28
Let b = 33 + 30. Suppose z + b = 5*k, -5*k + 48 = -0*k + 4*z. What is the greatest common factor of k and 6?
6
Let u(h) = -17*h**3 - h**2 + 3*h + 3. Let b be u(-1). What is the highest common divisor of b and 64?
16
Let v(w) = w**3 - 6*w**2 - 4*w + 4. Let l be v(7). Suppose -5*u = z - 10 - l, -u + 2*z = 4. Calculate the highest common factor of u and 42.
6
Let y be -1*1/(1/(-4)). Suppose 3*r = y*c + 479, -r + 4*c + 644 = 3*r. Calculate the highest common divisor of r and 15.
15
Let q = 35 - -22. Let c be 4/(-26) + (-2241)/(-117). What is the greatest common factor of c and q?
19
Let v(n) = 29*n - 1. Let w be v(1). Let z(l) = l**3 + l**2 - l + 4. Let d be z(0). Calculate the greatest common divisor of d and w.
4
Let f(h) = 23*h + 310. Let q be f(-13). Suppose -5 = 2*l - i - 68, 3*l - 111 = -4*i. Suppose l + 11 = 4*k. Calculate the greatest common divisor of q and k.
11
Suppose 7*o = -1 + 1289. What is the greatest common factor of 24 and o?
8
Let b = -106 + 180. Suppose -20 = -t + 14. Let k = b - t. Calculate the greatest common factor of 16 and k.
8
Let w(i) = -i + 1. Let o(y) = -50*y + 4. Let a(c) = -o(c) - 3*w(c). Let j be a(2). What is the greatest common factor of 9 and j?
9
Let b = 349 - 204. Suppose -232 = -9*j + 5*j. Calculate the greatest common divisor of j and b.
29
Let h = 59 + -62. Let o(w) = -w**3 + 7*w. Let d be o(h). Calculate the greatest common factor of 4 and d.
2
Let z = 63 - 61. Suppose 0 = -3*p + 4*n + 210, 2*p - 276 = -z*p + 4*n. What is the highest common factor of 6 and p?
6
Suppose 3*q - 1 = 3*j + 5, -4*j + 17 = q. Let i be (0 + -9)*(0 + -3). Calculate the highest common divisor of i and j.
3
Let z(g) = g**2 + 2*g - 76. Let i be z(-10). Calculate the greatest common factor of 49 and i.
1
Let d(i) = -2*i**2 + 5*i + 6. Let m be d(3). Suppose -m*h + 192 = 5*h. What is the highest common factor of 132 and h?
12
Suppose 3*q - 688 = -2671. Let s = -319 - q. What is the greatest common factor of s and 38?
38
Suppose -y + 5*r + 0*r = -43, y + 4*r = 34. What is the highest common divisor of y and 133?
19
Let q(y) = 7*y**2 - 14*y + 102. Let w be q(5). Calculate the highest common divisor of w and 72.
9
Suppose -55*c + 50*c = -4180. Suppose f - 2*v = 211, -4*f + 9*v - 5*v + c = 0. Let z be 23 + (1 - 2/2). Calculate the greatest common factor of z and f.
23
Let h(m) = -m**2 - 3*m + 1. Let q be h(-4). Let y = q - -7. Let s be (45/10)/((-3)/(-4)). What is the greatest common factor of y and s?
2
Suppose 544 = 6*s + z, 0 = s - 4*z + 3 - 77. What is the greatest common divisor of s and 108?
18
Let n be (-1*1)/(4 - 5). Let o(u) = 9*u**3 - 2*u**2 + 2*u - 1. Let l be o(n). Calculate the greatest common divisor of l and 96.
8
Suppose 4*s - 40 = -0*s. Let g(n) = n**3 + 6*n**2 - 9*n - 13. Let l be g(-7). Let h = s + l. What is the greatest common factor of h and 44?
11
Let n = 108 + -93. Calculate the highest common divisor of 195 and n.
15
Let y be (-436)/(-22) + 14/77. Let i = 22 - y. Suppose 4*v = i*k + 55 + 205, -v + 5*k = -83. What is the highest common factor of 9 and v?
9
Let v = 546 - 411. What is the greatest common divisor of v and 30?
15
Suppose -257*p + 244*p = -1287. Calculate the greatest common divisor of p and 36.
9
Let g = 44 - 25. Suppose -310 - 506 = 4*y. Let p = -128 - y. Calculate the highest common factor of g and p.
19
Let i be 488/22 + 10/(-55). Let p(o) = 17*o + 13. Let x be p(7). Calculate the greatest common factor of x and i.
22
Suppose 4*h - 32 = -32*t + 36*t, 3*t = 6. Let n = -73 - -163. What is the greatest common factor of n and h?
10
Let d be (64 - -3) + (-2 - 0). Let n be (1 - 0)/((-1)/d). Let x be 26/n - 214/(-10). What is the highest common factor of x and 21?
21
Let g = 13 - 0. Suppose -g - 2 = -3*r. Suppose -4*u + 122 = -5*y, 3*y + 49 = r*u - 97. What is the greatest common divisor of u and 4?
4
Let c(w) = -179*w + 73. Let p be c(-8). What is the greatest common factor of p and 35?
35
Let c(m) = -m**3 + 26*m**2 + m + 19. Let u be c(26). What is the greatest common factor of 5 and u?
5
Let s(y) = y**3 + 19*y**2 + 18*y + 3. Let x be s(-18). Let o be 1/x - (-470)/30. What is the highest common factor of o and 176?
16
Let s = 76 - 56. Ca